{"id":609,"date":"2024-09-20T11:15:05","date_gmt":"2024-09-20T09:15:05","guid":{"rendered":"https:\/\/optyk.infosun.eu\/index.php\/about-copy\/"},"modified":"2024-11-04T12:08:04","modified_gmt":"2024-11-04T11:08:04","slug":"oprawy-okularowe","status":"publish","type":"page","link":"https:\/\/www.optykazabrze.pl\/index.php\/oferta\/oprawy-okularowe\/","title":{"rendered":"Oprawy okularowe"},"content":{"rendered":"\t\t<div data-elementor-type=\"wp-page\" data-elementor-id=\"609\" class=\"elementor elementor-609\">\n\t\t\t\t\t\t<section class=\"elementor-section elementor-top-section elementor-element elementor-element-1d27292 elementor-section-content-middle elementor-section-boxed elementor-section-height-default elementor-section-height-default\" data-id=\"1d27292\" data-element_type=\"section\">\n\t\t\t\t\t\t<div class=\"elementor-container elementor-column-gap-no\">\n\t\t\t\t\t<div class=\"aux-parallax-section elementor-column elementor-col-50 elementor-top-column elementor-element elementor-element-6a3caf9\" data-id=\"6a3caf9\" data-element_type=\"column\">\n\t\t\t<div class=\"elementor-widget-wrap elementor-element-populated\">\n\t\t\t\t\t\t<div class=\"elementor-element elementor-element-ea84c73 aux-appear-watch-animation aux-fade-in-up elementor-widget elementor-widget-aux_modern_heading\" data-id=\"ea84c73\" data-element_type=\"widget\" data-widget_type=\"aux_modern_heading.default\">\n\t\t\t\t<div class=\"elementor-widget-container\">\n\t\t\t<section class=\"aux-widget-modern-heading\">\n            <div class=\"aux-widget-inner\"><h2 class=\"aux-modern-heading-primary\">Oprawy okularowe<\/h2><div class=\"aux-modern-heading-description\"><p>Oferujemy Pa\u0144stwu szeroki wachlarz opraw okularowych znanych i cenionych producent\u00f3w, zar\u00f3wno dla dzieci i m\u0142odzie\u017cy, jak i os\u00f3b doros\u0142ych.<\/p><p>W naszej ofercie znajd\u0105 Pa\u0144stwo oprawy okularowe o r\u00f3\u017cnorodnym wzornictwie, wielu zastosowaniach (np. dla os\u00f3b uprawiaj\u0105cych sport) oraz du\u017cym bogactwie kolor\u00f3w. Pod\u0105\u017camy za mod\u0105 oraz najnowszymi trendami w \u015bwiecie okular\u00f3w. Mo\u017cemy sprosta\u0107 wymaganiom zar\u00f3wno tych lubi\u0105cych nowoczesne, niekonwencjonalne modele, jak i tych, kt\u00f3rzy s\u0105 przywi\u0105zani do klasycznych kszta\u0142t\u00f3w.<\/p><p>\u00a0<\/p><\/div><\/div>\n        <\/section>\t\t<\/div>\n\t\t\t\t<\/div>\n\t\t\t\t\t<\/div>\n\t\t<\/div>\n\t\t\t\t<div class=\"aux-parallax-section elementor-column elementor-col-50 elementor-top-column elementor-element elementor-element-dd0926c\" data-id=\"dd0926c\" data-element_type=\"column\">\n\t\t\t<div class=\"elementor-widget-wrap elementor-element-populated\">\n\t\t\t\t\t\t<div class=\"elementor-element elementor-element-567329b aux-appear-watch-animation aux-scale-down elementor-widget elementor-widget-aux_image\" data-id=\"567329b\" data-element_type=\"widget\" data-widget_type=\"aux_image.default\">\n\t\t\t\t<div class=\"elementor-widget-container\">\n\t\t\t<section class=\"widget-container aux-widget-image aux-alignnone aux-parent-au73646eca\">\n    <div class=\"aux-media-hint-frame \">\n        <div class=\"aux-media-image \" >\n        \n            \n\n            \n            <img fetchpriority=\"high\" decoding=\"async\" width=\"500\" height=\"500\" src=\"https:\/\/www.optykazabrze.pl\/wp-content\/uploads\/2024\/07\/zdzieckiemokulary-500x500.jpg\" class=\"aux-attachment aux-featured-image aux-attachment-id-118\" alt=\"zdzieckiemokulary\" srcset=\"https:\/\/www.optykazabrze.pl\/wp-content\/uploads\/2024\/07\/zdzieckiemokulary-150x150.jpg 150w,https:\/\/www.optykazabrze.pl\/wp-content\/uploads\/2024\/07\/zdzieckiemokulary-300x300.jpg 300w,https:\/\/www.optykazabrze.pl\/wp-content\/uploads\/2024\/07\/zdzieckiemokulary-768x768.jpg 768w,https:\/\/www.optykazabrze.pl\/wp-content\/uploads\/2024\/07\/zdzieckiemokulary-500x500.jpg 500w\" data-ratio=\"1\" data-original-w=\"800\" sizes=\"(max-width:479px) 480px,(max-width:767px) 768px,(max-width:1023px) 1024px,500px\" \/>            \n                <\/div>\n    <\/div>\n\n<\/section><!-- widget-container -->\t\t<\/div>\n\t\t\t\t<\/div>\n\t\t\t\t\t<\/div>\n\t\t<\/div>\n\t\t\t\t\t<\/div>\n\t\t<\/section>\n\t\t\t\t<section class=\"elementor-section elementor-top-section elementor-element elementor-element-b7937b4 elementor-section-content-middle elementor-section-boxed elementor-section-height-default elementor-section-height-default\" data-id=\"b7937b4\" data-element_type=\"section\" data-settings=\"{&quot;background_background&quot;:&quot;classic&quot;}\">\n\t\t\t\t\t\t<div class=\"elementor-container elementor-column-gap-no\">\n\t\t\t\t\t<div class=\"aux-parallax-section elementor-column elementor-col-100 elementor-top-column elementor-element elementor-element-53eddc1\" data-id=\"53eddc1\" data-element_type=\"column\">\n\t\t\t<div class=\"elementor-widget-wrap elementor-element-populated\">\n\t\t\t\t\t\t<div class=\"elementor-element elementor-element-dc73b47 aux-appear-watch-animation aux-fade-in-up elementor-widget elementor-widget-aux_modern_heading\" data-id=\"dc73b47\" data-element_type=\"widget\" data-widget_type=\"aux_modern_heading.default\">\n\t\t\t\t<div class=\"elementor-widget-container\">\n\t\t\t<section class=\"aux-widget-modern-heading\">\n            <div class=\"aux-widget-inner\"><h2 class=\"aux-modern-heading-primary\"><\/h2><div class=\"aux-modern-heading-description\"><p>Oferujemy oprawy okularowe wykonane z r\u00f3\u017cnych materia\u0142\u00f3w \u2013 od metalowych, wykonanych z tworzyw sztucznych, po bardzo trwa\u0142e tytanowe oraz z przeznaczeniem dla alergik\u00f3w (pokryte pow\u0142okami hypoalergicznymi).<\/p><\/div><\/div>\n        <\/section>\t\t<\/div>\n\t\t\t\t<\/div>\n\t\t\t\t\t<\/div>\n\t\t<\/div>\n\t\t\t\t\t<\/div>\n\t\t<\/section>\n\t\t\t\t<section class=\"elementor-section elementor-top-section elementor-element elementor-element-bd050b1 elementor-section-content-middle elementor-section-boxed elementor-section-height-default elementor-section-height-default\" data-id=\"bd050b1\" data-element_type=\"section\">\n\t\t\t\t\t\t<div class=\"elementor-container elementor-column-gap-no\">\n\t\t\t\t\t<div class=\"aux-parallax-section elementor-column elementor-col-100 elementor-top-column elementor-element elementor-element-59542cc\" data-id=\"59542cc\" data-element_type=\"column\">\n\t\t\t<div class=\"elementor-widget-wrap elementor-element-populated\">\n\t\t\t\t\t\t<div class=\"elementor-element elementor-element-276e52a aux-appear-watch-animation aux-fade-in-up elementor-widget elementor-widget-heading\" data-id=\"276e52a\" data-element_type=\"widget\" data-widget_type=\"heading.default\">\n\t\t\t\t<div class=\"elementor-widget-container\">\n\t\t\t<h2 class=\"elementor-heading-title elementor-size-default\">W naszej ofercie znajdziecie pa\u0144stwo<\/h2>\t\t<\/div>\n\t\t\t\t<\/div>\n\t\t\t\t<div class=\"elementor-element elementor-element-8bd0fae elementor-widget elementor-widget-image-carousel\" data-id=\"8bd0fae\" data-element_type=\"widget\" data-settings=\"{&quot;navigation&quot;:&quot;none&quot;,&quot;image_spacing_custom&quot;:{&quot;unit&quot;:&quot;px&quot;,&quot;size&quot;:5,&quot;sizes&quot;:[]},&quot;autoplay&quot;:&quot;yes&quot;,&quot;pause_on_hover&quot;:&quot;yes&quot;,&quot;pause_on_interaction&quot;:&quot;yes&quot;,&quot;autoplay_speed&quot;:5000,&quot;infinite&quot;:&quot;yes&quot;,&quot;speed&quot;:500,&quot;image_spacing_custom_tablet&quot;:{&quot;unit&quot;:&quot;px&quot;,&quot;size&quot;:&quot;&quot;,&quot;sizes&quot;:[]},&quot;image_spacing_custom_mobile&quot;:{&quot;unit&quot;:&quot;px&quot;,&quot;size&quot;:&quot;&quot;,&quot;sizes&quot;:[]}}\" data-widget_type=\"image-carousel.default\">\n\t\t\t\t<div class=\"elementor-widget-container\">\n\t\t\t\t\t<div class=\"elementor-image-carousel-wrapper swiper\" dir=\"ltr\">\n\t\t\t<div class=\"elementor-image-carousel swiper-wrapper\" aria-live=\"off\">\n\t\t\t\t\t\t\t\t<div class=\"swiper-slide\" role=\"group\" aria-roledescription=\"slide\" aria-label=\"1 of 4\"><figure class=\"swiper-slide-inner\"><img decoding=\"async\" class=\"swiper-slide-image\" src=\"https:\/\/www.optykazabrze.pl\/wp-content\/uploads\/2024\/09\/portrait-happy-girl-300x300.jpg\" alt=\"OKULARY KOREKCYJNE DLA DZIECI\" \/><figcaption class=\"elementor-image-carousel-caption\">OKULARY KOREKCYJNE DLA DZIECI <\/figcaption><\/figure><\/div><div class=\"swiper-slide\" role=\"group\" aria-roledescription=\"slide\" aria-label=\"2 of 4\"><figure class=\"swiper-slide-inner\"><img decoding=\"async\" class=\"swiper-slide-image\" src=\"https:\/\/www.optykazabrze.pl\/wp-content\/uploads\/2024\/10\/young-girl-thinks-300x300.jpg\" alt=\"OKULARY KOREKCYJNE DLA DOROS\u0141YCH\" \/><figcaption class=\"elementor-image-carousel-caption\">OKULARY KOREKCYJNE DLA DOROS\u0141YCH<\/figcaption><\/figure><\/div><div class=\"swiper-slide\" role=\"group\" aria-roledescription=\"slide\" aria-label=\"3 of 4\"><figure class=\"swiper-slide-inner\"><img decoding=\"async\" class=\"swiper-slide-image\" src=\"https:\/\/www.optykazabrze.pl\/wp-content\/uploads\/2020\/03\/83940364_m_normal_none-300x300.jpg\" alt=\"OKULARY KOREKCYJNE DLA M\u0141ODZIE\u017bY\" \/><figcaption class=\"elementor-image-carousel-caption\">OKULARY KOREKCYJNE DLA M\u0141ODZIE\u017bY<\/figcaption><\/figure><\/div><div class=\"swiper-slide\" role=\"group\" aria-roledescription=\"slide\" aria-label=\"4 of 4\"><figure class=\"swiper-slide-inner\"><img decoding=\"async\" class=\"swiper-slide-image\" src=\"https:\/\/www.optykazabrze.pl\/wp-content\/uploads\/2024\/09\/sport-300x300.jpg\" alt=\"OKULARY KOREKCYJNE DLA SPORTOWC\u00d3W\" \/><figcaption class=\"elementor-image-carousel-caption\">OKULARY KOREKCYJNE DLA SPORTOWC\u00d3W<\/figcaption><\/figure><\/div>\t\t\t<\/div>\n\t\t\t\t\t\t\t\n\t\t\t\t\t\t\t\t\t<\/div>\n\t\t\t\t<\/div>\n\t\t\t\t<\/div>\n\t\t\t\t\t<\/div>\n\t\t<\/div>\n\t\t\t\t\t<\/div>\n\t\t<\/section>\n\t\t\t\t<section class=\"elementor-section elementor-top-section elementor-element elementor-element-eb2df93 elementor-section-boxed elementor-section-height-default elementor-section-height-default\" data-id=\"eb2df93\" data-element_type=\"section\">\n\t\t\t\t\t\t<div class=\"elementor-container elementor-column-gap-default\">\n\t\t\t\t\t<div class=\"aux-parallax-section elementor-column elementor-col-100 elementor-top-column elementor-element elementor-element-5364e66\" data-id=\"5364e66\" data-element_type=\"column\">\n\t\t\t<div class=\"elementor-widget-wrap elementor-element-populated\">\n\t\t\t\t\t\t<div class=\"elementor-element elementor-element-ad95ca9 aux-appear-watch-animation aux-fade-in-up elementor-widget elementor-widget-heading\" data-id=\"ad95ca9\" data-element_type=\"widget\" data-widget_type=\"heading.default\">\n\t\t\t\t<div class=\"elementor-widget-container\">\n\t\t\t<h2 class=\"elementor-heading-title elementor-size-default\">OKULARY KOREKCYJNE Z POLARYZACYJN\u0104 NAK\u0141ADK\u0104 PRZECIWS\u0141ONECZN\u0104<\/h2>\t\t<\/div>\n\t\t\t\t<\/div>\n\t\t\t\t<section class=\"elementor-section elementor-inner-section elementor-element elementor-element-4d7665d elementor-section-boxed elementor-section-height-default elementor-section-height-default\" data-id=\"4d7665d\" data-element_type=\"section\">\n\t\t\t\t\t\t<div class=\"elementor-container elementor-column-gap-no\">\n\t\t\t\t\t<div class=\"aux-parallax-section elementor-column elementor-col-50 elementor-inner-column elementor-element elementor-element-440a73a\" data-id=\"440a73a\" data-element_type=\"column\">\n\t\t\t<div class=\"elementor-widget-wrap elementor-element-populated\">\n\t\t\t\t\t\t<div class=\"elementor-element elementor-element-b8caabb elementor-widget elementor-widget-text-editor\" data-id=\"b8caabb\" data-element_type=\"widget\" data-widget_type=\"text-editor.default\">\n\t\t\t\t<div class=\"elementor-widget-container\">\n\t\t\t\t\t\t\t<p>Posiadamy bogaty wyb\u00f3r okular\u00f3w typu 2W1 \u2013 po\u0142\u0105czenie opraw korekcyjnych z praktyczn\u0105, polaryzacyjn\u0105 nak\u0142adk\u0105 przeciws\u0142oneczn\u0105, kt\u00f3ra zabezpiecza wzrok przed szkodliwym promieniowaniem s\u0142onecznym oraz o\u015blepiaj\u0105cymi refleksami \u015bwietlnymi. Oprawy wykonane s\u0105 z lekkich i\u00a0 jednocze\u015bnie trwa\u0142ych materia\u0142\u00f3w. Ka\u017cda oprawa posiada niewidoczne magnesy, kt\u00f3re silnie trzymaj\u0105 nak\u0142adk\u0119 przeciws\u0142oneczn\u0105. U\u017cytkowanie okular\u00f3w typu 2w1 jest niezwykle komfortowe, gdy\u017c jedna para okular\u00f3w zapewnia wyra\u017ane widzenie i ochron\u0119 oczu zar\u00f3wno w s\u0142oneczne, jak i pochmurne dni \u2013 wystarczy tylko za\u0142o\u017cy\u0107 lub zdj\u0105\u0107 sam\u0105 nak\u0142adk\u0119.<\/p><p>Wszystkie zam\u00f3wione okulary korekcyjne wykonujemy na miejscu w naszym Zak\u0142adzie znajduj\u0105cym si\u0119 w Zabrzu, wyposa\u017conym we w\u0142asne maszyny i niezb\u0119dne narz\u0119dzia.<\/p><p><strong>Zapraszamy do naszych salon\u00f3w w celu poznania pe\u0142nej oferty opraw okularowych.<\/strong><\/p><p>Asortyment w poszczeg\u00f3lnych naszych salonach optycznych mo\u017ce si\u0119 r\u00f3\u017cni\u0107.<\/p>\t\t\t\t\t\t<\/div>\n\t\t\t\t<\/div>\n\t\t\t\t\t<\/div>\n\t\t<\/div>\n\t\t\t\t<div class=\"aux-parallax-section elementor-column elementor-col-50 elementor-inner-column elementor-element elementor-element-9ec1e59\" data-id=\"9ec1e59\" data-element_type=\"column\">\n\t\t\t<div class=\"elementor-widget-wrap elementor-element-populated\">\n\t\t\t\t\t\t<div class=\"elementor-element elementor-element-ad25974 aux-appear-watch-animation aux-scale-down elementor-widget elementor-widget-aux_image\" data-id=\"ad25974\" data-element_type=\"widget\" data-widget_type=\"aux_image.default\">\n\t\t\t\t<div class=\"elementor-widget-container\">\n\t\t\t<section class=\"widget-container aux-widget-image aux-alignnone aux-parent-aube020722\">\n    <div class=\"aux-media-hint-frame \">\n        <div class=\"aux-media-image \" >\n        \n            \n\n            \n            <img decoding=\"async\" width=\"500\" height=\"500\" src=\"https:\/\/www.optykazabrze.pl\/wp-content\/uploads\/2024\/09\/woman-1869116_1280-500x500.jpg\" class=\"aux-attachment aux-featured-image aux-attachment-id-582\" alt=\"woman-1869116_1280\" srcset=\"https:\/\/www.optykazabrze.pl\/wp-content\/uploads\/2024\/09\/woman-1869116_1280-150x150.jpg 150w,https:\/\/www.optykazabrze.pl\/wp-content\/uploads\/2024\/09\/woman-1869116_1280-300x300.jpg 300w,https:\/\/www.optykazabrze.pl\/wp-content\/uploads\/2024\/09\/woman-1869116_1280-768x768.jpg 768w,https:\/\/www.optykazabrze.pl\/wp-content\/uploads\/2024\/09\/woman-1869116_1280-1024x1024.jpg 1024w,https:\/\/www.optykazabrze.pl\/wp-content\/uploads\/2024\/09\/woman-1869116_1280-500x500.jpg 500w\" data-ratio=\"1\" data-original-w=\"1280\" sizes=\"(max-width:479px) 480px,(max-width:767px) 768px,(max-width:1023px) 1024px,500px\" \/>            \n                <\/div>\n    <\/div>\n\n<\/section><!-- widget-container -->\t\t<\/div>\n\t\t\t\t<\/div>\n\t\t\t\t\t<\/div>\n\t\t<\/div>\n\t\t\t\t\t<\/div>\n\t\t<\/section>\n\t\t\t\t\t<\/div>\n\t\t<\/div>\n\t\t\t\t\t<\/div>\n\t\t<\/section>\n\t\t\t\t<\/div>\n\t\t","protected":false},"excerpt":{"rendered":"<p>Oprawy okularowe Oferujemy Pa\u0144stwu szeroki wachlarz opraw okularowych znanych i cenionych producent\u00f3w, zar\u00f3wno dla dzieci i m\u0142odzie\u017cy, jak i os\u00f3b doros\u0142ych. W naszej ofercie znajd\u0105 Pa\u0144stwo oprawy okularowe o r\u00f3\u017cnorodnym wzornictwie, wielu zastosowaniach (np. dla os\u00f3b uprawiaj\u0105cych sport) oraz du\u017cym bogactwie kolor\u00f3w. Pod\u0105\u017camy za mod\u0105 oraz najnowszymi trendami w \u015bwiecie okular\u00f3w. Mo\u017cemy sprosta\u0107 wymaganiom zar\u00f3wno [&hellip;]<\/p>\n","protected":false},"author":1,"featured_media":0,"parent":89,"menu_order":10,"comment_status":"closed","ping_status":"closed","template":"templates\/page-builder-content.php","meta":{"footnotes":""},"class_list":["post-609","page","type-page","status-publish","hentry"],"_links":{"self":[{"href":"https:\/\/www.optykazabrze.pl\/index.php\/wp-json\/wp\/v2\/pages\/609","targetHints":{"allow":["GET"]}}],"collection":[{"href":"https:\/\/www.optykazabrze.pl\/index.php\/wp-json\/wp\/v2\/pages"}],"about":[{"href":"https:\/\/www.optykazabrze.pl\/index.php\/wp-json\/wp\/v2\/types\/page"}],"author":[{"embeddable":true,"href":"https:\/\/www.optykazabrze.pl\/index.php\/wp-json\/wp\/v2\/users\/1"}],"replies":[{"embeddable":true,"href":"https:\/\/www.optykazabrze.pl\/index.php\/wp-json\/wp\/v2\/comments?post=609"}],"version-history":[{"count":25,"href":"https:\/\/www.optykazabrze.pl\/index.php\/wp-json\/wp\/v2\/pages\/609\/revisions"}],"predecessor-version":[{"id":1435,"href":"https:\/\/www.optykazabrze.pl\/index.php\/wp-json\/wp\/v2\/pages\/609\/revisions\/1435"}],"up":[{"embeddable":true,"href":"https:\/\/www.optykazabrze.pl\/index.php\/wp-json\/wp\/v2\/pages\/89"}],"wp:attachment":[{"href":"https:\/\/www.optykazabrze.pl\/index.php\/wp-json\/wp\/v2\/media?parent=609"}],"curies":[{"name":"wp","href":"https:\/\/api.w.org\/{rel}","templated":true}]}}